of 3 - a*(2 - -1)?
5
Let w = 58 - 11. What is the units digit of w?
7
Let z(w) = -w**2 + 7 - 3*w**2 - 12*w + 5*w**2. What is the units digit of z(12)?
7
Suppose 0 = g + 4*g. Suppose l = 3*l + 3*m - 12, g = 5*m. Suppose 3*t = l*t - 36. What is the tens digit of t?
1
Suppose 0 = 3*a + 22 - 142. What is the tens digit of a?
4
Let j(p) = 2*p**2 + 3*p + 28. What is the hundreds digit of j(11)?
3
Suppose -2*p = -k - 4, 4*p - 15 = -p. Let n be 1/((-1)/(-4)) - k. What is the units digit of (-8 + 6)/(n/(-3))?
3
Let u(k) be the second derivative of -k**5/20 - 11*k**4/12 + 11*k**3/6 + 9*k**2/2 + 5*k. What is the tens digit of u(-12)?
2
Let j = 2 - -2. Suppose 5*y - j*t - 112 = y, -y = t - 20. Suppose -5*d = -2*d - y. What is the units digit of d?
8
Suppose 3*a = -a + 108. Suppose -a = 4*s - 99. What is the tens digit of s?
1
Let v be (4/(-5))/((-12)/30). Suppose 3*q + v = 47. What is the tens digit of q?
1
Let m = 5 - 1. Suppose -27 = -3*p - f - 2*f, m*f = -4. What is the units digit of p?
0
What is the units digit of (-3)/2*(-88)/6?
2
Suppose -18 = y + 4*o, 0 = -2*o - 9 + 3. Let l be 3/y*-6 + -207. What is the tens digit of l/(-10) - 14/35?
2
Suppose -4*m = -4*r + 19 + 25, 2*m = 4*r - 46. Let q = r + -7. Suppose q*u + 0 = 45. What is the units digit of u?
9
Let l(m) = 0*m + 0*m + 9*m**2 + 0*m + 3*m - 13 - m**3. What is the units digit of l(9)?
4
Let w be (0 + 1)/((-1)/4). Let h be (15/(-20))/(1/w). Suppose k + k - 34 = 4*t, h*k + 3*t = 15. What is the units digit of k?
9
Suppose -2*n = -3*k + n + 15, -n = k + 5. Suppose k = -b - 2*b + 6. Suppose b*q + 4 = 6*q. What is the units digit of q?
1
Let l(i) = -5*i - 4. Let j be l(-4). Suppose -2*w = -4*w + j. What is the units digit of w?
8
Suppose 0 = 3*g + 4*k - 11, -4*g + 7*k + 25 = 2*k. Let n = g - 5. What is the units digit of 1 + -3 + 8 + n?
6
Let f(h) = -h**3 - 6*h**2 + 6*h - 9. Let x be f(-7). Suppose -3*j - 3 + 0 = 0. What is the units digit of (-3 - -1)*(x + j)?
6
Let m = -97 + 149. Let g = m + -27. What is the tens digit of g?
2
Let o be (6/7)/((-6)/(-42)). Let c be 2/(-3) + (-170)/o. Let q = c + 41. What is the units digit of q?
2
Let n(a) = 4*a + 7. Let y be n(9). Let p = y - -9. What is the tens digit of p?
5
Suppose 5*g - j = 36, 5*j = -1 - 4. What is the units digit of g - 3 - (2 - -1)?
1
Let i = 7 - 4. What is the units digit of 8*(i/(-6) + 1)?
4
What is the hundreds digit of (-39)/91 + (-857)/(-7)?
1
Let b(i) = i**3 - 7*i**2 - i + 3. Let y be b(7). Let t be 15/y - (-1)/(-4). Let f(h) = h**3 + 4*h**2 - 3*h - 4. What is the units digit of f(t)?
8
Let m(w) = -13*w + 14. Let b be m(-7). Suppose 0 = 6*s - s - b. What is the tens digit of s?
2
Let l(d) be the third derivative of d**4/24 - 3*d**2. Let k be l(4). Let o(i) = -i**2 + 6*i - 2. What is the units digit of o(k)?
6
Let y be 8/12 - (-2)/6. Let f(d) = 3*d**3 + 2*d**2 - 2*d + 1. Let r be f(y). Suppose 7 = r*z - 5. What is the units digit of z?
3
Let q(u) = -u + 54. Let m be q(0). Let d = m + -418. What is the tens digit of 2/(-9) - d/18?
2
Let y(u) = -u**2 + 2*u + 2. Let i be y(4). Let k(a) = -2*a - 7. Let c be k(i). Suppose q - 4*p = 14, c*q + p = 4*p + 19. What is the units digit of q?
2
Let v be 1/(1/(-6)*-2). Suppose -5*d = z + 6, z - v*d = -0*z + 10. Suppose -12 - 40 = -z*n. What is the units digit of n?
3
Let r(k) = 0*k**2 + 5*k**2 + 6*k + 2 + 0*k - 3*k - k**3. What is the tens digit of r(5)?
1
Let c(v) = 4*v + 17*v**3 - 11*v**2 - 18*v**3 - 13 + 5*v. What is the tens digit of c(-12)?
2
Let h = 10 - -94. What is the hundreds digit of h?
1
Let i = 3 - 1. Suppose 4*m = i*o - 50, -2*o + 2*m = -22 - 18. What is the units digit of o?
5
Let v = 8 - -9. What is the tens digit of v?
1
Let u = -15 - -36. What is the tens digit of u?
2
Let u be (-18)/(-6) + -1*1. Let b(l) = 6*l + u*l**3 - 3 - 3*l**3 - 2*l - 6*l**2 + 0*l**3. What is the tens digit of b(-7)?
1
Suppose -2*j = -7*j + 15. What is the units digit of (2 - j) + -2 + 5?
2
Suppose -2*m - m - l + 179 = 0, -2*m + 5*l + 125 = 0. What is the tens digit of m?
6
Suppose -2*x - 4*y + 312 = 0, 4*x + x + y - 762 = 0. Suppose 4*v = 20 + x. Suppose -3*w + 5*p = 4*p - v, -3*w + 45 = -3*p. What is the units digit of w?
4
Let v(s) = s + 2. Let n be v(5). Suppose f - n + 2 = 0. What is the units digit of f?
5
Let y(f) = -3*f + 27. What is the tens digit of y(-14)?
6
Let q(u) be the first derivative of -u**3/3 - 7*u**2/2 - 4*u - 3. Let w be q(-5). Let n = w - 0. What is the units digit of n?
6
Suppose r + 3*r - 8 = 0. Let y(p) = -2*p**3 + 8*p**2 + p**3 - r*p**2 + 5 - 5*p. What is the units digit of y(5)?
5
What is the units digit of ((-115)/(-15) + -3)/((-1)/(-21))?
8
Let n be 224/(-3) - 12/(-18). Let f = n - -128. What is the units digit of f?
4
Let y be 29/3 - (-2)/(-3). Let q = -6 + y. Suppose 3*u - 15 = -5*h, -q*h - u + 18 - 5 = 0. What is the units digit of h?
6
Let q(i) = i**3 - 13*i**2 + 12*i - 5. Let z be q(12). Let g be (4 - -1)*(-14)/z. Suppose -4*k + g = -6*k + 4*h, -4*k + 20 = 4*h. What is the units digit of k?
1
Suppose -s = -5*f + 653, 2*f - 397 = -4*s - 149. What is the hundreds digit of f?
1
Suppose i + i + 8 = 0. Suppose 4*m + 2*o + 10 = 3*m, m + 30 = 3*o. Let b = i - m. What is the units digit of b?
4
Suppose 5*f = f + 120. What is the units digit of f?
0
Let p = 621 - 436. What is the hundreds digit of p?
1
Let p(m) = m**2 - 6. Let l be p(6). Suppose 2*t + t - l = 0. What is the tens digit of t?
1
Suppose -7 = -2*t - 3. Suppose -h = -6 + t. Suppose -g - 2*g = n, 5*g - h*n = 17. What is the units digit of g?
1
Suppose -7*r + 223 + 309 = 0. Suppose -4*o = 4*g - 128, 3*g + 2*o - r = 4*o. What is the tens digit of g?
2
Let l(k) = 4*k**2 - 6*k + 13. Let x(r) = 4 - 4*r**2 - 5 + 3*r**2. Let v(g) = l(g) + 5*x(g). What is the units digit of v(-6)?
8
Suppose -3*x + 0*x = -6. Suppose 3*i = 4*r - 1, 4*i - 10 = x*i. What is the tens digit of (r/(-8))/(1/(-20))?
1
Suppose -v + 60 = -0*v + 5*f, 0 = 4*f - 16. What is the tens digit of v?
4
Let o = 6 - -1. Suppose 4*l - 19 = 81. Suppose -5*b = l, 3*k - b = o*k - 27. What is the units digit of k?
8
Suppose 4*a = -b - 5, 2*a = b - 0*a - 7. What is the units digit of b?
3
Suppose -4*b = -b - 21. What is the units digit of b?
7
Let y(g) = -g**3 - 6*g**2 - 4*g. Suppose 2*s - 22 = 3*x - 9, 5*s = -2*x - 15. Let b be y(x). What is the units digit of (4/b)/(2/(-10))?
4
Let o = -83 - -136. What is the tens digit of o?
5
Let d be 6*(1 - 1/2). Suppose 0*n = -d*n + 12. Suppose -n*c + 3*b + 3 = -3*c, 5*c + 3*b = 33. What is the units digit of c?
6
Let j be 7*(1 - (5 + -3)). Let i = -3 - j. What is the units digit of i?
4
Let i(o) = -o + 39. What is the units digit of i(16)?
3
Let q(a) = 33*a + 3. What is the tens digit of q(2)?
6
Let q = -54 - -309. What is the hundreds digit of q?
2
Suppose -4*b = -9*b. Suppose -4*n = -0*n + 2*d + 10, -4*n + 2*d + 10 = b. Suppose 5*l - 3 = -5*p + 47, n = l + 2*p - 15. What is the units digit of l?
5
Let v be 0/(1 + 1 - 0). Suppose -6 = -l + 3*l. Let r = v - l. What is the units digit of r?
3
Let r = 43 - 31. What is the tens digit of r?
1
Suppose v + 13 = -0. Let k = -1 - v. What is the tens digit of k?
1
Let m(l) = 4*l**2 + l + 1. Let p be m(-2). Suppose 2*w - p = -5. What is the units digit of w?
5
Let g(k) = k**2 + 7*k - 1. Let j be 1/(-2)*1*58. Let y = j - -21. What is the units digit of g(y)?
7
Let y(h) = 3*h**2 + 5*h - 2. What is the tens digit of y(5)?
9
Let f = -8 - -11. Suppose 2*p = f*p - 16. Suppose 0 = -v - 2*n + p, -5*v - n - n = -64. What is the tens digit of v?
1
Let w(y) = y**2 - y - 4. Let o be w(3). What is the units digit of 2 + (o + 17)/1?
1
What is the units digit of (-6 - -933)*(0 + 3/9)?
9
Let c be ((-10)/(-4))/((-2)/(-4)). Suppose -20 - 17 = -3*p + 4*z, -27 = -2*p + c*z. What is the units digit of p?
1
Suppose -y = -3*a + 86, 0*a + 2*a - 5*y - 79 = 0. What is the tens digit of a?
2
Suppose -40 - 11 = -3*p. Suppose -3*o + 19 = -p. What is the units digit of o?
2
Suppose -6*k = -11*k + 1135. What is the tens digit of k?
2
Suppose 4*k - 8*k + 12 = 0. Suppose -7 = -k*w + 14. What is the units digit of w?
7
Suppose 2*d - 3 = 1. Suppose d*t - 3*t = 0, 2*n = 4*t + 12. What is the units digit of n?
6
Let s(c) = 17*c**2 + c - 15. What is the tens digit of s(-3)?
3
Let c(v) = -5*v - 9. Let y(t) = -5*t - 8. Let i(g) 